{"id":7,"date":"2022-10-02T17:45:20","date_gmt":"2022-10-02T20:45:20","guid":{"rendered":"https:\/\/www.meusiteteste.com.br\/qla\/?page_id=7"},"modified":"2023-08-21T17:06:44","modified_gmt":"2023-08-21T20:06:44","slug":"quem-somos","status":"publish","type":"page","link":"https:\/\/www.meusiteteste.com.br\/qla\/quem-somos\/","title":{"rendered":"Quem somos"},"content":{"rendered":"\n<p class=\"has-medium-font-size\"><\/p>\n","protected":false},"excerpt":{"rendered":"","protected":false},"author":1,"featured_media":0,"parent":0,"menu_order":2,"comment_status":"closed","ping_status":"closed","template":"pages\/sobre.php","meta":{"footnotes":""},"class_list":["post-7","page","type-page","status-publish","hentry"],"acf":[],"yoast_head":"<!-- This site is optimized with the Yoast SEO plugin v20.7 - https:\/\/yoast.com\/wordpress\/plugins\/seo\/ -->\n<title>QLA: Mais de 30 anos transformando tecnologia em solu\u00e7\u00f5es<\/title>\n<meta name=\"description\" content=\"A QLA oferece, h\u00e1 mais de 30 anos do mercado, solu\u00e7\u00f5es tecnol\u00f3gicas empresariais com foco em processos gerenciais. Connhe\u00e7a nossa hist\u00f3ria!\" \/>\n<meta name=\"robots\" content=\"noindex, follow, max-snippet:-1, max-image-preview:large, max-video-preview:-1\" \/>\n<meta property=\"og:locale\" content=\"pt_BR\" \/>\n<meta property=\"og:type\" content=\"article\" \/>\n<meta property=\"og:title\" content=\"QLA: Mais de 30 anos transformando tecnologia em solu\u00e7\u00f5es\" \/>\n<meta property=\"og:description\" content=\"A QLA oferece, h\u00e1 mais de 30 anos do mercado, solu\u00e7\u00f5es tecnol\u00f3gicas empresariais com foco em processos gerenciais. Connhe\u00e7a nossa hist\u00f3ria!\" \/>\n<meta property=\"og:url\" content=\"https:\/\/www.meusiteteste.com.br\/qla\/quem-somos\/\" \/>\n<meta property=\"og:site_name\" content=\"QLA\" \/>\n<meta property=\"article:modified_time\" content=\"2023-08-21T20:06:44+00:00\" \/>\n<meta name=\"twitter:card\" content=\"summary_large_image\" \/>\n<script type=\"application\/ld+json\" class=\"yoast-schema-graph\">{\"@context\":\"https:\/\/schema.org\",\"@graph\":[{\"@type\":\"WebPage\",\"@id\":\"https:\/\/www.meusiteteste.com.br\/qla\/quem-somos\/\",\"url\":\"https:\/\/www.meusiteteste.com.br\/qla\/quem-somos\/\",\"name\":\"QLA: Mais de 30 anos transformando tecnologia em solu\u00e7\u00f5es\",\"isPartOf\":{\"@id\":\"https:\/\/www.meusiteteste.com.br\/qla\/#website\"},\"datePublished\":\"2022-10-02T20:45:20+00:00\",\"dateModified\":\"2023-08-21T20:06:44+00:00\",\"description\":\"A QLA oferece, h\u00e1 mais de 30 anos do mercado, solu\u00e7\u00f5es tecnol\u00f3gicas empresariais com foco em processos gerenciais. Connhe\u00e7a nossa hist\u00f3ria!\",\"breadcrumb\":{\"@id\":\"https:\/\/www.meusiteteste.com.br\/qla\/quem-somos\/#breadcrumb\"},\"inLanguage\":\"pt-BR\",\"potentialAction\":[{\"@type\":\"ReadAction\",\"target\":[\"https:\/\/www.meusiteteste.com.br\/qla\/quem-somos\/\"]}]},{\"@type\":\"BreadcrumbList\",\"@id\":\"https:\/\/www.meusiteteste.com.br\/qla\/quem-somos\/#breadcrumb\",\"itemListElement\":[{\"@type\":\"ListItem\",\"position\":1,\"name\":\"In\u00edcio\",\"item\":\"https:\/\/www.meusiteteste.com.br\/qla\/\"},{\"@type\":\"ListItem\",\"position\":2,\"name\":\"Quem somos\"}]},{\"@type\":\"WebSite\",\"@id\":\"https:\/\/www.meusiteteste.com.br\/qla\/#website\",\"url\":\"https:\/\/www.meusiteteste.com.br\/qla\/\",\"name\":\"QLA\",\"description\":\"Solu\u00e7\u00f5es em sistemas simplificando Processos\",\"potentialAction\":[{\"@type\":\"SearchAction\",\"target\":{\"@type\":\"EntryPoint\",\"urlTemplate\":\"https:\/\/www.meusiteteste.com.br\/qla\/?s={search_term_string}\"},\"query-input\":\"required name=search_term_string\"}],\"inLanguage\":\"pt-BR\"}]}<\/script>\n<!-- \/ Yoast SEO plugin. -->","yoast_head_json":{"title":"QLA: Mais de 30 anos transformando tecnologia em solu\u00e7\u00f5es","description":"A QLA oferece, h\u00e1 mais de 30 anos do mercado, solu\u00e7\u00f5es tecnol\u00f3gicas empresariais com foco em processos gerenciais. Connhe\u00e7a nossa hist\u00f3ria!","robots":{"index":"noindex","follow":"follow","max-snippet":"max-snippet:-1","max-image-preview":"max-image-preview:large","max-video-preview":"max-video-preview:-1"},"og_locale":"pt_BR","og_type":"article","og_title":"QLA: Mais de 30 anos transformando tecnologia em solu\u00e7\u00f5es","og_description":"A QLA oferece, h\u00e1 mais de 30 anos do mercado, solu\u00e7\u00f5es tecnol\u00f3gicas empresariais com foco em processos gerenciais. Connhe\u00e7a nossa hist\u00f3ria!","og_url":"https:\/\/www.meusiteteste.com.br\/qla\/quem-somos\/","og_site_name":"QLA","article_modified_time":"2023-08-21T20:06:44+00:00","twitter_card":"summary_large_image","schema":{"@context":"https:\/\/schema.org","@graph":[{"@type":"WebPage","@id":"https:\/\/www.meusiteteste.com.br\/qla\/quem-somos\/","url":"https:\/\/www.meusiteteste.com.br\/qla\/quem-somos\/","name":"QLA: Mais de 30 anos transformando tecnologia em solu\u00e7\u00f5es","isPartOf":{"@id":"https:\/\/www.meusiteteste.com.br\/qla\/#website"},"datePublished":"2022-10-02T20:45:20+00:00","dateModified":"2023-08-21T20:06:44+00:00","description":"A QLA oferece, h\u00e1 mais de 30 anos do mercado, solu\u00e7\u00f5es tecnol\u00f3gicas empresariais com foco em processos gerenciais. Connhe\u00e7a nossa hist\u00f3ria!","breadcrumb":{"@id":"https:\/\/www.meusiteteste.com.br\/qla\/quem-somos\/#breadcrumb"},"inLanguage":"pt-BR","potentialAction":[{"@type":"ReadAction","target":["https:\/\/www.meusiteteste.com.br\/qla\/quem-somos\/"]}]},{"@type":"BreadcrumbList","@id":"https:\/\/www.meusiteteste.com.br\/qla\/quem-somos\/#breadcrumb","itemListElement":[{"@type":"ListItem","position":1,"name":"In\u00edcio","item":"https:\/\/www.meusiteteste.com.br\/qla\/"},{"@type":"ListItem","position":2,"name":"Quem somos"}]},{"@type":"WebSite","@id":"https:\/\/www.meusiteteste.com.br\/qla\/#website","url":"https:\/\/www.meusiteteste.com.br\/qla\/","name":"QLA","description":"Solu\u00e7\u00f5es em sistemas simplificando Processos","potentialAction":[{"@type":"SearchAction","target":{"@type":"EntryPoint","urlTemplate":"https:\/\/www.meusiteteste.com.br\/qla\/?s={search_term_string}"},"query-input":"required name=search_term_string"}],"inLanguage":"pt-BR"}]}},"_links":{"self":[{"href":"https:\/\/www.meusiteteste.com.br\/qla\/wp-json\/wp\/v2\/pages\/7","targetHints":{"allow":["GET"]}}],"collection":[{"href":"https:\/\/www.meusiteteste.com.br\/qla\/wp-json\/wp\/v2\/pages"}],"about":[{"href":"https:\/\/www.meusiteteste.com.br\/qla\/wp-json\/wp\/v2\/types\/page"}],"author":[{"embeddable":true,"href":"https:\/\/www.meusiteteste.com.br\/qla\/wp-json\/wp\/v2\/users\/1"}],"replies":[{"embeddable":true,"href":"https:\/\/www.meusiteteste.com.br\/qla\/wp-json\/wp\/v2\/comments?post=7"}],"version-history":[{"count":34,"href":"https:\/\/www.meusiteteste.com.br\/qla\/wp-json\/wp\/v2\/pages\/7\/revisions"}],"predecessor-version":[{"id":402,"href":"https:\/\/www.meusiteteste.com.br\/qla\/wp-json\/wp\/v2\/pages\/7\/revisions\/402"}],"wp:attachment":[{"href":"https:\/\/www.meusiteteste.com.br\/qla\/wp-json\/wp\/v2\/media?parent=7"}],"curies":[{"name":"wp","href":"https:\/\/api.w.org\/{rel}","templated":true}]}}